{"id":48,"date":"2021-03-08T22:34:40","date_gmt":"2021-03-08T21:34:40","guid":{"rendered":"https:\/\/aussichtsreich-harz.de\/?page_id=48"},"modified":"2025-09-12T18:55:17","modified_gmt":"2025-09-12T16:55:17","slug":"ferienwohnung-hahnenklee-urlaub-hund","status":"publish","type":"page","link":"https:\/\/aussichtsreich-harz.de\/?page_id=48","title":{"rendered":"Urlaub mit dem Hund"},"content":{"rendered":"\t\t<div data-elementor-type=\"wp-page\" data-elementor-id=\"48\" class=\"elementor elementor-48\">\n\t\t\t\t\t\t<section class=\"elementor-section elementor-top-section elementor-element elementor-element-8a795f6 elementor-section-boxed elementor-section-height-default elementor-section-height-default\" data-id=\"8a795f6\" data-element_type=\"section\" data-e-type=\"section\">\n\t\t\t\t\t\t<div class=\"elementor-container elementor-column-gap-default\">\n\t\t\t\t\t<div class=\"elementor-column elementor-col-100 elementor-top-column elementor-element elementor-element-21375ed\" data-id=\"21375ed\" data-element_type=\"column\" data-e-type=\"column\">\n\t\t\t<div class=\"elementor-widget-wrap elementor-element-populated\">\n\t\t\t\t\t\t<div class=\"elementor-element elementor-element-e78fb5b elementor-widget elementor-widget-image-carousel\" data-id=\"e78fb5b\" data-element_type=\"widget\" data-e-type=\"widget\" data-settings=\"{&quot;slides_to_show&quot;:&quot;1&quot;,&quot;navigation&quot;:&quot;none&quot;,&quot;autoplay&quot;:&quot;yes&quot;,&quot;pause_on_hover&quot;:&quot;yes&quot;,&quot;pause_on_interaction&quot;:&quot;yes&quot;,&quot;autoplay_speed&quot;:5000,&quot;infinite&quot;:&quot;yes&quot;,&quot;effect&quot;:&quot;slide&quot;,&quot;speed&quot;:500}\" data-widget_type=\"image-carousel.default\">\n\t\t\t\t<div class=\"elementor-widget-container\">\n\t\t\t\t\t\t\t<div class=\"elementor-image-carousel-wrapper swiper\" role=\"region\" aria-roledescription=\"carousel\" aria-label=\"Bild Karussell\" dir=\"ltr\">\n\t\t\t<div class=\"elementor-image-carousel swiper-wrapper\" aria-live=\"off\">\n\t\t\t\t\t\t\t\t<div class=\"swiper-slide\" role=\"group\" aria-roledescription=\"slide\" aria-label=\"1 von 4\"><a data-elementor-open-lightbox=\"yes\" data-elementor-lightbox-slideshow=\"e78fb5b\" data-elementor-lightbox-title=\"20150814_141705\" data-e-action-hash=\"#elementor-action%3Aaction%3Dlightbox%26settings%3DeyJpZCI6NDI1LCJ1cmwiOiJodHRwczpcL1wvYXVzc2ljaHRzcmVpY2gtaGFyei5kZVwvd3AtY29udGVudFwvdXBsb2Fkc1wvMjAyMVwvMDNcLzIwMTUwODE0XzE0MTcwNS1zY2FsZWQtZTE2MTY3ODU3ODM1NDAuanBnIiwic2xpZGVzaG93IjoiZTc4ZmI1YiJ9\" href=\"https:\/\/aussichtsreich-harz.de\/wp-content\/uploads\/2021\/03\/20150814_141705-scaled-e1616785783540.jpg\"><figure class=\"swiper-slide-inner\"><img decoding=\"async\" class=\"swiper-slide-image\" src=\"https:\/\/aussichtsreich-harz.de\/wp-content\/uploads\/2021\/03\/20150814_141705-scaled-e1616785783540-1536x361.jpg\" alt=\"20150814_141705\" \/><\/figure><\/a><\/div><div class=\"swiper-slide\" role=\"group\" aria-roledescription=\"slide\" aria-label=\"2 von 4\"><a data-elementor-open-lightbox=\"yes\" data-elementor-lightbox-slideshow=\"e78fb5b\" data-elementor-lightbox-title=\"emotionheader5802686363_1\" data-e-action-hash=\"#elementor-action%3Aaction%3Dlightbox%26settings%3DeyJpZCI6NDI0LCJ1cmwiOiJodHRwczpcL1wvYXVzc2ljaHRzcmVpY2gtaGFyei5kZVwvd3AtY29udGVudFwvdXBsb2Fkc1wvMjAyMVwvMDNcL2Vtb3Rpb25oZWFkZXI1ODAyNjg2MzYzXzEtZTE2MTY3ODU1Nzc2NTguanBnIiwic2xpZGVzaG93IjoiZTc4ZmI1YiJ9\" href=\"https:\/\/aussichtsreich-harz.de\/wp-content\/uploads\/2021\/03\/emotionheader5802686363_1-e1616785577658.jpg\"><figure class=\"swiper-slide-inner\"><img decoding=\"async\" class=\"swiper-slide-image\" src=\"https:\/\/aussichtsreich-harz.de\/wp-content\/uploads\/2021\/03\/emotionheader5802686363_1-e1616785577658.jpg\" alt=\"emotionheader5802686363_1\" \/><\/figure><\/a><\/div><div class=\"swiper-slide\" role=\"group\" aria-roledescription=\"slide\" aria-label=\"3 von 4\"><a data-elementor-open-lightbox=\"yes\" data-elementor-lightbox-slideshow=\"e78fb5b\" data-elementor-lightbox-title=\"tobi hahnenklee\" data-e-action-hash=\"#elementor-action%3Aaction%3Dlightbox%26settings%3DeyJpZCI6NDIzLCJ1cmwiOiJodHRwczpcL1wvYXVzc2ljaHRzcmVpY2gtaGFyei5kZVwvd3AtY29udGVudFwvdXBsb2Fkc1wvMjAyMVwvMDNcL3RvYmktaGFobmVua2xlZS1zY2FsZWQtZTE2MTY3ODU2MDM3NDAuanBnIiwic2xpZGVzaG93IjoiZTc4ZmI1YiJ9\" href=\"https:\/\/aussichtsreich-harz.de\/wp-content\/uploads\/2021\/03\/tobi-hahnenklee-scaled-e1616785603740.jpg\"><figure class=\"swiper-slide-inner\"><img decoding=\"async\" class=\"swiper-slide-image\" src=\"https:\/\/aussichtsreich-harz.de\/wp-content\/uploads\/2021\/03\/tobi-hahnenklee-scaled-e1616785603740-1536x361.jpg\" alt=\"Hund Hahnenklee Harz Ferien Urlaub\" \/><\/figure><\/a><\/div><div class=\"swiper-slide\" role=\"group\" aria-roledescription=\"slide\" aria-label=\"4 von 4\"><a data-elementor-open-lightbox=\"yes\" data-elementor-lightbox-slideshow=\"e78fb5b\" data-elementor-lightbox-title=\"20150814_141738\" data-e-action-hash=\"#elementor-action%3Aaction%3Dlightbox%26settings%3DeyJpZCI6NDIyLCJ1cmwiOiJodHRwczpcL1wvYXVzc2ljaHRzcmVpY2gtaGFyei5kZVwvd3AtY29udGVudFwvdXBsb2Fkc1wvMjAyMVwvMDNcLzIwMTUwODE0XzE0MTczOC0yLXNjYWxlZC1lMTYxNjc4NTYyODYxMC5qcGciLCJzbGlkZXNob3ciOiJlNzhmYjViIn0%3D\" href=\"https:\/\/aussichtsreich-harz.de\/wp-content\/uploads\/2021\/03\/20150814_141738-2-scaled-e1616785628610.jpg\"><figure class=\"swiper-slide-inner\"><img decoding=\"async\" class=\"swiper-slide-image\" src=\"https:\/\/aussichtsreich-harz.de\/wp-content\/uploads\/2021\/03\/20150814_141738-2-scaled-e1616785628610-1536x361.jpg\" alt=\"Hund in Hahnenklee\" \/><\/figure><\/a><\/div>\t\t\t<\/div>\n\t\t\t\t\t\t\t\n\t\t\t\t\t\t\t\t\t<\/div>\n\t\t\t\t\t\t<\/div>\n\t\t\t\t<\/div>\n\t\t\t\t\t<\/div>\n\t\t<\/div>\n\t\t\t\t\t<\/div>\n\t\t<\/section>\n\t\t\t\t<section class=\"elementor-section elementor-top-section elementor-element elementor-element-a1aafc1 elementor-section-boxed elementor-section-height-default elementor-section-height-default\" data-id=\"a1aafc1\" data-element_type=\"section\" data-e-type=\"section\">\n\t\t\t\t\t\t<div class=\"elementor-container elementor-column-gap-default\">\n\t\t\t\t\t<div class=\"elementor-column elementor-col-100 elementor-top-column elementor-element elementor-element-07d924e\" data-id=\"07d924e\" data-element_type=\"column\" data-e-type=\"column\">\n\t\t\t<div class=\"elementor-widget-wrap elementor-element-populated\">\n\t\t\t\t\t\t<div class=\"elementor-element elementor-element-6a0e306 elementor-widget elementor-widget-text-editor\" data-id=\"6a0e306\" data-element_type=\"widget\" data-e-type=\"widget\" data-widget_type=\"text-editor.default\">\n\t\t\t\t<div class=\"elementor-widget-container\">\n\t\t\t\t\t\t\t\t\t<div class=\"n module-type-text diyfeLiveArea \"><p>Die Ferienwohnung AussichtsReich in Hahnenklee eignet sich hervorragend f\u00fcr einen Urlaub mit dem Hund. Die idyllische und ruhige Umgebung, viele Wanderwege, Wald, Wiesen, Teiche und Seen machen Hahnenklee und Umgebung zum Paradies f\u00fcr Ihren Vierbeiner (und nat\u00fcrlich auch f\u00fcr Sie \ud83d\ude42 ).<\/p><p>Hier kann man nach Herzenslust Gassi gehen, schn\u00fcffeln, toben und die viele Zeit mit Frauchen und Herrchen einfach nur genie\u00dfen!<\/p><div class=\"col-sm-8 col-md-7\"><p>Direkt am Kurpark gibt es eine 1.850 m\u00b2 gro\u00dfe eingez\u00e4unte Hundefreilauffl\u00e4che zum Herumtollen und um neue Fellfreunde zu treffen. Frisches Wasser f\u00fcr die Hunde und Beutel f\u00fcr Hundehinterlassenschaften sind ebenfalls vorhanden.\u00a0Die Nutzung der Hundefreilauffl\u00e4che ist kostenlos. Diese befindet sich in der Lautenthaler Stra\u00dfe 16 in 38644 Hahnenklee und ist t\u00e4glich von 7.30 Uhr bis 18.00 Uhr ge\u00f6ffnet.<\/p><\/div><p>Ihr Hund darf im Wald rund um Hahnenklee frei laufen, solange er in Ihrer N\u00e4he bleibt, nicht jagt und niemanden bel\u00e4stigt. W\u00e4hrend der Brut- und Setzzeit (jedes Jahr vom 01. April bis zum 15. Juli) muss ihr Hund allerdings zum Schutz der Wildtiere \u00fcberall angeleint bleiben.<\/p><p>In den W\u00e4ldern um Hahnenklee finden Sie viele Teiche, in denen Ihr Hund sich im Sommer abk\u00fchlen kann &#8211; Urlaub pur f\u00fcr Hund und Herrchen, nicht nur in der Ferienwohnung.<\/p><\/div>\t\t\t\t\t\t\t\t<\/div>\n\t\t\t\t<\/div>\n\t\t\t\t\t<\/div>\n\t\t<\/div>\n\t\t\t\t\t<\/div>\n\t\t<\/section>\n\t\t\t\t<\/div>\n\t\t","protected":false},"excerpt":{"rendered":"<p>Die Ferienwohnung AussichtsReich in Hahnenklee eignet sich hervorragend f\u00fcr einen Urlaub mit dem Hund. Die idyllische und ruhige Umgebung, viele Wanderwege, Wald, Wiesen, Teiche und Seen machen Hahnenklee und Umgebung zum Paradies f\u00fcr Ihren&#46;&#46;&#46;<\/p>\n","protected":false},"author":1,"featured_media":0,"parent":0,"menu_order":0,"comment_status":"closed","ping_status":"closed","template":"","meta":{"footnotes":""},"class_list":["post-48","page","type-page","status-publish","hentry"],"yoast_head":"<!-- This site is optimized with the Yoast SEO plugin v27.4 - https:\/\/yoast.com\/product\/yoast-seo-wordpress\/ -->\n<title>Ferienwohnung AussichtsReich - Urlaub und Ferien in Hahnenklee im Harz<\/title>\n<meta name=\"description\" content=\"Urlaub in der Ferienwohnung AussichtsReich Hahnenklee: Ihr Hund ist nicht nur geduldet, sondern herzlich willkommen!\" \/>\n<meta name=\"robots\" content=\"index, follow, max-snippet:-1, max-image-preview:large, max-video-preview:-1\" \/>\n<link rel=\"canonical\" href=\"https:\/\/aussichtsreich-harz.de\/?page_id=48\" \/>\n<meta property=\"og:locale\" content=\"de_DE\" \/>\n<meta property=\"og:type\" content=\"article\" \/>\n<meta property=\"og:title\" content=\"Ferienwohnung AussichtsReich - Urlaub und Ferien in Hahnenklee im Harz\" \/>\n<meta property=\"og:description\" content=\"Urlaub in der Ferienwohnung AussichtsReich Hahnenklee: Ihr Hund ist nicht nur geduldet, sondern herzlich willkommen!\" \/>\n<meta property=\"og:url\" content=\"https:\/\/aussichtsreich-harz.de\/?page_id=48\" \/>\n<meta property=\"og:site_name\" content=\"Ferienwohnung AussichtsReich - Urlaub und Ferien in Hahnenklee im Harz\" \/>\n<meta property=\"article:modified_time\" content=\"2025-09-12T16:55:17+00:00\" \/>\n<meta property=\"og:image\" content=\"https:\/\/aussichtsreich-harz.de\/wp-content\/uploads\/2021\/03\/20150814_141705-scaled-e1616785783540-1536x361.jpg\" \/>\n<meta name=\"twitter:card\" content=\"summary_large_image\" \/>\n<meta name=\"twitter:label1\" content=\"Gesch\u00e4tzte Lesezeit\" \/>\n\t<meta name=\"twitter:data1\" content=\"3\u00a0Minuten\" \/>\n<script type=\"application\/ld+json\" class=\"yoast-schema-graph\">{\"@context\":\"https:\\\/\\\/schema.org\",\"@graph\":[{\"@type\":\"WebPage\",\"@id\":\"https:\\\/\\\/aussichtsreich-harz.de\\\/?page_id=48\",\"url\":\"https:\\\/\\\/aussichtsreich-harz.de\\\/?page_id=48\",\"name\":\"Ferienwohnung AussichtsReich - Urlaub und Ferien in Hahnenklee im Harz\",\"isPartOf\":{\"@id\":\"https:\\\/\\\/aussichtsreich-harz.de\\\/#website\"},\"primaryImageOfPage\":{\"@id\":\"https:\\\/\\\/aussichtsreich-harz.de\\\/?page_id=48#primaryimage\"},\"image\":{\"@id\":\"https:\\\/\\\/aussichtsreich-harz.de\\\/?page_id=48#primaryimage\"},\"thumbnailUrl\":\"https:\\\/\\\/aussichtsreich-harz.de\\\/wp-content\\\/uploads\\\/2021\\\/03\\\/20150814_141705-scaled-e1616785783540-1536x361.jpg\",\"datePublished\":\"2021-03-08T21:34:40+00:00\",\"dateModified\":\"2025-09-12T16:55:17+00:00\",\"description\":\"Urlaub in der Ferienwohnung AussichtsReich Hahnenklee: Ihr Hund ist nicht nur geduldet, sondern herzlich willkommen!\",\"breadcrumb\":{\"@id\":\"https:\\\/\\\/aussichtsreich-harz.de\\\/?page_id=48#breadcrumb\"},\"inLanguage\":\"de\",\"potentialAction\":[{\"@type\":\"ReadAction\",\"target\":[\"https:\\\/\\\/aussichtsreich-harz.de\\\/?page_id=48\"]}]},{\"@type\":\"ImageObject\",\"inLanguage\":\"de\",\"@id\":\"https:\\\/\\\/aussichtsreich-harz.de\\\/?page_id=48#primaryimage\",\"url\":\"https:\\\/\\\/aussichtsreich-harz.de\\\/wp-content\\\/uploads\\\/2021\\\/03\\\/20150814_141705-scaled-e1616785783540.jpg\",\"contentUrl\":\"https:\\\/\\\/aussichtsreich-harz.de\\\/wp-content\\\/uploads\\\/2021\\\/03\\\/20150814_141705-scaled-e1616785783540.jpg\",\"width\":2560,\"height\":601},{\"@type\":\"BreadcrumbList\",\"@id\":\"https:\\\/\\\/aussichtsreich-harz.de\\\/?page_id=48#breadcrumb\",\"itemListElement\":[{\"@type\":\"ListItem\",\"position\":1,\"name\":\"Startseite\",\"item\":\"https:\\\/\\\/aussichtsreich-harz.de\\\/\"},{\"@type\":\"ListItem\",\"position\":2,\"name\":\"Urlaub mit dem Hund\"}]},{\"@type\":\"WebSite\",\"@id\":\"https:\\\/\\\/aussichtsreich-harz.de\\\/#website\",\"url\":\"https:\\\/\\\/aussichtsreich-harz.de\\\/\",\"name\":\"Ferienwohnung AussichtsReich - Urlaub und Ferien in Hahnenklee im Harz\",\"description\":\"Erholsamer Urlaub in unserer Ferienwohnung im Harz mit Hund: Ferien, Wandern und Erholung\",\"publisher\":{\"@id\":\"https:\\\/\\\/aussichtsreich-harz.de\\\/#organization\"},\"potentialAction\":[{\"@type\":\"SearchAction\",\"target\":{\"@type\":\"EntryPoint\",\"urlTemplate\":\"https:\\\/\\\/aussichtsreich-harz.de\\\/?s={search_term_string}\"},\"query-input\":{\"@type\":\"PropertyValueSpecification\",\"valueRequired\":true,\"valueName\":\"search_term_string\"}}],\"inLanguage\":\"de\"},{\"@type\":\"Organization\",\"@id\":\"https:\\\/\\\/aussichtsreich-harz.de\\\/#organization\",\"name\":\"Ferienwohnung AussichtsReich\",\"url\":\"https:\\\/\\\/aussichtsreich-harz.de\\\/\",\"logo\":{\"@type\":\"ImageObject\",\"inLanguage\":\"de\",\"@id\":\"https:\\\/\\\/aussichtsreich-harz.de\\\/#\\\/schema\\\/logo\\\/image\\\/\",\"url\":\"https:\\\/\\\/aussichtsreich-harz.de\\\/wp-content\\\/uploads\\\/2021\\\/03\\\/images.jpg\",\"contentUrl\":\"https:\\\/\\\/aussichtsreich-harz.de\\\/wp-content\\\/uploads\\\/2021\\\/03\\\/images.jpg\",\"width\":80,\"height\":80,\"caption\":\"Ferienwohnung AussichtsReich\"},\"image\":{\"@id\":\"https:\\\/\\\/aussichtsreich-harz.de\\\/#\\\/schema\\\/logo\\\/image\\\/\"}}]}<\/script>\n<!-- \/ Yoast SEO plugin. -->","yoast_head_json":{"title":"Ferienwohnung AussichtsReich - Urlaub und Ferien in Hahnenklee im Harz","description":"Urlaub in der Ferienwohnung AussichtsReich Hahnenklee: Ihr Hund ist nicht nur geduldet, sondern herzlich willkommen!","robots":{"index":"index","follow":"follow","max-snippet":"max-snippet:-1","max-image-preview":"max-image-preview:large","max-video-preview":"max-video-preview:-1"},"canonical":"https:\/\/aussichtsreich-harz.de\/?page_id=48","og_locale":"de_DE","og_type":"article","og_title":"Ferienwohnung AussichtsReich - Urlaub und Ferien in Hahnenklee im Harz","og_description":"Urlaub in der Ferienwohnung AussichtsReich Hahnenklee: Ihr Hund ist nicht nur geduldet, sondern herzlich willkommen!","og_url":"https:\/\/aussichtsreich-harz.de\/?page_id=48","og_site_name":"Ferienwohnung AussichtsReich - Urlaub und Ferien in Hahnenklee im Harz","article_modified_time":"2025-09-12T16:55:17+00:00","og_image":[{"url":"https:\/\/aussichtsreich-harz.de\/wp-content\/uploads\/2021\/03\/20150814_141705-scaled-e1616785783540-1536x361.jpg","type":"","width":"","height":""}],"twitter_card":"summary_large_image","twitter_misc":{"Gesch\u00e4tzte Lesezeit":"3\u00a0Minuten"},"schema":{"@context":"https:\/\/schema.org","@graph":[{"@type":"WebPage","@id":"https:\/\/aussichtsreich-harz.de\/?page_id=48","url":"https:\/\/aussichtsreich-harz.de\/?page_id=48","name":"Ferienwohnung AussichtsReich - Urlaub und Ferien in Hahnenklee im Harz","isPartOf":{"@id":"https:\/\/aussichtsreich-harz.de\/#website"},"primaryImageOfPage":{"@id":"https:\/\/aussichtsreich-harz.de\/?page_id=48#primaryimage"},"image":{"@id":"https:\/\/aussichtsreich-harz.de\/?page_id=48#primaryimage"},"thumbnailUrl":"https:\/\/aussichtsreich-harz.de\/wp-content\/uploads\/2021\/03\/20150814_141705-scaled-e1616785783540-1536x361.jpg","datePublished":"2021-03-08T21:34:40+00:00","dateModified":"2025-09-12T16:55:17+00:00","description":"Urlaub in der Ferienwohnung AussichtsReich Hahnenklee: Ihr Hund ist nicht nur geduldet, sondern herzlich willkommen!","breadcrumb":{"@id":"https:\/\/aussichtsreich-harz.de\/?page_id=48#breadcrumb"},"inLanguage":"de","potentialAction":[{"@type":"ReadAction","target":["https:\/\/aussichtsreich-harz.de\/?page_id=48"]}]},{"@type":"ImageObject","inLanguage":"de","@id":"https:\/\/aussichtsreich-harz.de\/?page_id=48#primaryimage","url":"https:\/\/aussichtsreich-harz.de\/wp-content\/uploads\/2021\/03\/20150814_141705-scaled-e1616785783540.jpg","contentUrl":"https:\/\/aussichtsreich-harz.de\/wp-content\/uploads\/2021\/03\/20150814_141705-scaled-e1616785783540.jpg","width":2560,"height":601},{"@type":"BreadcrumbList","@id":"https:\/\/aussichtsreich-harz.de\/?page_id=48#breadcrumb","itemListElement":[{"@type":"ListItem","position":1,"name":"Startseite","item":"https:\/\/aussichtsreich-harz.de\/"},{"@type":"ListItem","position":2,"name":"Urlaub mit dem Hund"}]},{"@type":"WebSite","@id":"https:\/\/aussichtsreich-harz.de\/#website","url":"https:\/\/aussichtsreich-harz.de\/","name":"Ferienwohnung AussichtsReich - Urlaub und Ferien in Hahnenklee im Harz","description":"Erholsamer Urlaub in unserer Ferienwohnung im Harz mit Hund: Ferien, Wandern und Erholung","publisher":{"@id":"https:\/\/aussichtsreich-harz.de\/#organization"},"potentialAction":[{"@type":"SearchAction","target":{"@type":"EntryPoint","urlTemplate":"https:\/\/aussichtsreich-harz.de\/?s={search_term_string}"},"query-input":{"@type":"PropertyValueSpecification","valueRequired":true,"valueName":"search_term_string"}}],"inLanguage":"de"},{"@type":"Organization","@id":"https:\/\/aussichtsreich-harz.de\/#organization","name":"Ferienwohnung AussichtsReich","url":"https:\/\/aussichtsreich-harz.de\/","logo":{"@type":"ImageObject","inLanguage":"de","@id":"https:\/\/aussichtsreich-harz.de\/#\/schema\/logo\/image\/","url":"https:\/\/aussichtsreich-harz.de\/wp-content\/uploads\/2021\/03\/images.jpg","contentUrl":"https:\/\/aussichtsreich-harz.de\/wp-content\/uploads\/2021\/03\/images.jpg","width":80,"height":80,"caption":"Ferienwohnung AussichtsReich"},"image":{"@id":"https:\/\/aussichtsreich-harz.de\/#\/schema\/logo\/image\/"}}]}},"_links":{"self":[{"href":"https:\/\/aussichtsreich-harz.de\/index.php?rest_route=\/wp\/v2\/pages\/48","targetHints":{"allow":["GET"]}}],"collection":[{"href":"https:\/\/aussichtsreich-harz.de\/index.php?rest_route=\/wp\/v2\/pages"}],"about":[{"href":"https:\/\/aussichtsreich-harz.de\/index.php?rest_route=\/wp\/v2\/types\/page"}],"author":[{"embeddable":true,"href":"https:\/\/aussichtsreich-harz.de\/index.php?rest_route=\/wp\/v2\/users\/1"}],"replies":[{"embeddable":true,"href":"https:\/\/aussichtsreich-harz.de\/index.php?rest_route=%2Fwp%2Fv2%2Fcomments&post=48"}],"version-history":[{"count":110,"href":"https:\/\/aussichtsreich-harz.de\/index.php?rest_route=\/wp\/v2\/pages\/48\/revisions"}],"predecessor-version":[{"id":2118,"href":"https:\/\/aussichtsreich-harz.de\/index.php?rest_route=\/wp\/v2\/pages\/48\/revisions\/2118"}],"wp:attachment":[{"href":"https:\/\/aussichtsreich-harz.de\/index.php?rest_route=%2Fwp%2Fv2%2Fmedia&parent=48"}],"curies":[{"name":"wp","href":"https:\/\/api.w.org\/{rel}","templated":true}]}}